1?
-14124203
In base 15, what is 4 + 9939e?
993a3
In base 10, what is -691 - 80507?
-81198
In base 10, what is -3 + -206028251?
-206028254
In base 9, what is -24 - 6783045?
-6783070
In base 4, what is 100302 - 330313?
-230011
In base 16, what is ffc - -917?
1913
In base 2, what is 1010111111100001101 - 110000?
1010111111011011101
In base 13, what is -4 + 2328098a?
23280986
In base 8, what is 7114372 - -3?
7114375
In base 8, what is 115 + -13540134?
-13540017
In base 4, what is -1 + -232113031310?
-232113031311
In base 15, what is a8cd3d6 + 0?
a8cd3d6
In base 8, what is 4506 + -5005?
-277
In base 8, what is -26 + 4421462?
4421434
In base 4, what is 20200132003 + 120?
20200132123
In base 4, what is -3213 + -203032223?
-203102102
In base 5, what is -2001331121424 + 0?
-2001331121424
In base 6, what is -4 - 353104324?
-353104332
In base 2, what is -1010101111 - -1010000110010001?
1001111011100010
In base 11, what is -23 - 64143?
-64166
In base 9, what is -354443 + 348?
-354084
In base 12, what is -1139 - 10164b?
-102788
In base 2, what is -10010100010000111111 + -10000?
-10010100010001001111
In base 5, what is 14332234 + -12332?
14314402
In base 3, what is -100012022102101 - 12?
-100012022102120
In base 11, what is 414260 - 2?
414259
In base 16, what is 41 - -7b35c?
7b39d
In base 11, what is -1aa596 - -180?
-1aa416
In base 8, what is 6633665 + -23?
6633642
In base 6, what is -22 - 1430422041?
-1430422103
In base 8, what is -4267117 + -12?
-4267131
In base 16, what is 6b48 - 53d4?
1774
In base 14, what is 364 + 7596?
791a
In base 8, what is 246061 + -13?
246046
In base 12, what is -9 + b502?
b4b5
In base 11, what is -1 + 4670a3?
4670a2
In base 16, what is 981d + -1d?
9800
In base 9, what is -63038888 + 1?
-63038887
In base 9, what is -268 + -47111?
-47380
In base 4, what is -210020232 - 2120?
-210023012
In base 15, what is -c3be0 - 10?
-c3c00
In base 2, what is 1100 - 1111001101101010?
-1111001101011110
In base 6, what is -44234 + 13501?
-30333
In base 8, what is 1241263 - -156?
1241441
In base 11, what is 115a + -7931?
-6782
In base 11, what is -5165404 - -2?
-5165402
In base 6, what is 415304203 - 11?
415304152
In base 3, what is -11000120 - 121002?
-11121122
In base 16, what is 189 + -41d1a?
-41b91
In base 11, what is -24460 - -8679?
-16892
In base 9, what is 52 + 1527787?
1527850
In base 11, what is -128 + 463980?
463853
In base 12, what is -5 + -17b3877?
-17b3880
In base 11, what is 13906259a - -2?
1390625a1
In base 3, what is -1 - 20200102121002?
-20200102121010
In base 9, what is -22 + 186508?
186476
In base 15, what is -3 + 1db4a6?
1db4a3
In base 7, what is 35640 + -11?
35626
In base 6, what is -15 - -14203354?
14203335
In base 9, what is 1172416435 - -1?
1172416436
In base 3, what is -1210212001001 - -21120?
-1210211202111
In base 9, what is 18 + -2335182?
-2335163
In base 10, what is 11 - -39265809?
39265820
In base 16, what is -a8c2 - -26a?
-a658
In base 15, what is -1c + -400a58?
-400a75
In base 8, what is -2001450 - 254?
-2001724
In base 8, what is 2302533621 + 5?
2302533626
In base 8, what is 656 + -5712?
-5034
In base 4, what is 31200331031032 + -2?
31200331031030
In base 11, what is -1 + -9188088?
-9188089
In base 7, what is -26 + -1232101?
-1232130
In base 10, what is -11 - 39250678?
-39250689
In base 11, what is -162 + 17850?
17699
In base 9, what is 1380 - 21384?
-20004
In base 2, what is -100000000110011100000000 - 11?
-100000000110011100000011
In base 6, what is -35523412542 - 5?
-35523412551
In base 6, what is -342452123 - 1?
-342452124
In base 3, what is -22 + -222011120022122?
-222011120022221
In base 10, what is -3 + 2798478?
2798475
In base 5, what is -133 + 221142323?
221142140
In base 5, what is 1 - -341310313?
341310314
In base 11, what is 25720 - 41?
2568a
In base 3, what is -10 + -2002012110021221?
-2002012110022001
In base 3, what is 2112212120000210 - -11?
2112212120000221
In base 10, what is 3907 + 5900?
9807
In base 5, what is -1 - -24102124103?
24102124102
In base 15, what is 284 + -d615?
-d381
In base 8, what is -66 + 43642?
43554
In base 2, what is -1000011011010000 - 101110000?
-1000100001000000
In base 4, what is 3 + -131002110011?
-131002110002
In base 6, what is 51542002314 + -4?
51542002310
In base 13, what is a + -b03645?
-b03638
In base 8, what is 664753 + -71?
664662
In base 13, what is 3 - 35c6711?
-35c670b
In base 11, what is -378499 - 44?
-378532
In base 7, what is 224254 - 403?
223551
In base 8, what is -32 - -22444?
22412
In base 9, what is -10863454 + 4?
-10863450
In base 11, what is 14a4068 - -3?
14a4070
In base 6, what is 34504 - -53104?
132012
In base 10, what is 53 - -101500?
101553
In base 4, what is -202331 + -1123202121?
-1130011112
In base 11, what is 217876 + -a?
217867
In base 6, what is -31 - -32221124?
32221053
In base 10, what is 2935298 - 30?
2935268
In base 8, what is 51 + 1240647?
1240720
In base 12, what is 5b6753 + -39?
5b6716
In base 2, what is 101001100010100101111 + -100111?
101001100010100001000
In base 7, what is 131302154 - -3?
131302160
In base 3, what is -112 - -1020022112102201?
1020022112102012
In base 14, what is 37d39 - -c2?
3801b
In base 5, what is -144300002303 - 3?
-144300002311
In base 3, what is -2020201 + 21200120102?
21121022201
In base 11, what is -1537 + a81?
-566
In base 15, what is 5 + -211046?
-211041
In base 11, what is 10413 - -448?
10860
In base 12, what is 11ab0a33 + 5?
11ab0a38
In base 6, what is -10032 - -50520?
40444
In base 5, what is -40 - 2240402303?
-2240402343
In base 14, what is -11 - 5151c?
-5152d
In base 11, what is -16 - 607?
-622
In base 7, what is 5 + 162233202?
162233210
In base 2, what is 1101101111 - 110100100110111?
-110010111001000
In base 9, what is -5825 + 4320?
-1505
In base 11, what is -a7a + 7954?
6985
In base 3, what is 20111122101221 - 10?
20111122101211
In base 3, what is -211222000 - 10010010?
-222002010
In base 13, what is 572231 - -55?
572286
In base 8, what is -7513054 + -27?
-7513103
In base 6, what is -5 - -5334232212?
5334232203
In base 10, what is 3055516 + 0?
3055516
In base 10, what is 3 + 3253973?
3253976
In base 6, what is -204235211 - 32?
-204235243
In base 5, what is -4 - 3014000001?
-3014000010
In base 11, what is 2 + 3142496?
3142498
In base 7, what is -13 + -3140520?
-3140533
In base 5, what is 22311 + 3401441?
3424302
In base 3, what is -2 + 10201110200021200?
10201110200021121
In base 5, what is 4030132 + 213?
4030400
In base 2, what is -111101110111111 - -1111001?
-111101101000110
In base 5, what is -1 + 4404010331?
4404010330
In base 2, what is 1000101011100010111101 + 11?
1000101011100011000000
In base 11, what is 11 - -32629a?
326300
In base 2, what is -1000 + -10001110000010?
-10001110001010
In base 4, what is 130230023031 + -3?
130230023022
In base 6, what is 11450 + -2501?
4545
In base 16, what is 58 - a76f?
-a717
In base 12, what is a43273 + 18b?
a43442
In base 13, what is ba + -471764?
-471677
In base 3, what is -20112121 + -212202112?
-1010022010
In base 3, what is -200200 + -1200021111?
-1200222011
In base 13, what is -b + -34ac75?
-34ac83
In base 9, what is 16621170 + 0?
16621170
In base 3, what is 112212221120022 - 210?
112212221112112
In base 2, what is 1000000001100000101 - 10010001001?
111111111001111100
In base 14, what is -3db - -3432?
3035
In base 2, what is -1010000001 - -10001001101010111?
10001000011010110
In base 11, what is 5 + 371455a7?
37145601
In base 11, what is -9aa - -94018?
93119
In base 12, what is 50 - -a8671b?
a8676b
In base 7, what is -163513556 - 4?
-163513563
In base 2, what is -1011100011101 + -11000101000?
-1110101000101
In base 4, what is 2020 - -20212002000?
20212010020
In base 7, what is 3 - -100326005?
100326011
In base 2, what is -100 - -1000010100110010111110?
1000010100110010111010
In base 8, what is 161230 + -1157?
160051
In base 10, what is 5 + -136607427?
-136607422
In base 2, what is 1100111101 + -10000010001100010?
-10000000100100101
In base 3, what is -10201122022211110 - 220?
-10201122022212100
In base 14, what is 747 + -2b765?
-2b01c
In base 5, what is 1313 - -42231143?
42233011
In base 15, what is 888d59 + e?
888d68
In base 2, what is 10 - 100010011000001110001110001?
-100010011000001110001101111
In base 15, what is 2 + -24569d?
-24569b
In base 8, 